he second derivative of i**6/120 - i**5/120 - i**4/6 - i**3/2 + 3*i. Let d(t) be the second derivative of m(t). Is d(-3) prime?
False
Let q = -9 + 14. Suppose 3*g - 8 = g. Suppose 31 = q*h - g. Is h composite?
False
Let m be (-4)/(-10) - 42/30. Let t(y) = -523*y - 2. Is t(m) prime?
True
Suppose 2*u + 2*u = 392. Let i = u - 19. Is i a prime number?
True
Let s(n) = 53*n + 2. Let d be 0/(-3) - -1 - -2. Is s(d) a prime number?
False
Let a(w) = w + 4. Let h be a(-6). Let y be 7/((-1)/2*h). Let r(s) = s**3 - 6*s**2 - 5*s + 1. Is r(y) composite?
True
Suppose -2*h = -7 + 1. Let t be 5/(1/1)*42. Suppose 4*m + 2*z - t = 0, -4*m - z = h*z - 200. Is m a prime number?
False
Let w be 6/(-2) - -9 - 2. Suppose -6*h + w = -2*h, -4*u + 214 = 2*h. Is u a prime number?
True
Let g(a) = 97*a**2 - 3*a - 3. Suppose d = -3*p - 4, -p - 2*d = -2*p - 13. Is g(p) a composite number?
True
Suppose 12 = -2*y - 2*y. Let o = -1 - -3. Is y/(-2)*5*o prime?
False
Suppose -3*o - o = 3*y - 45, 4*y + 3*o = 53. Let i = 15 - y. Suppose -3*v - r - 51 = -166, i = r. Is v composite?
False
Let b be (-8)/(-6)*(-99 + 0). Let x be (-24)/b + 4/(-22). Suppose x*i + 508 = 4*i. Is i a composite number?
False
Let a be (-2)/(-4) + (-33)/(-6). Suppose 3*x - 5*x + a = 0. Let n = 17 - x. Is n a composite number?
True
Let m be -97*3*(-4)/6. Let u = m - 125. Is u composite?
True
Let w(g) = -1426*g + 2. Is w(-2) composite?
True
Let h(g) = 6*g**2 - 22*g + 27. Is h(8) prime?
False
Let m be -9 - -2 - -1*2. Let q = 66 - 36. Let g = q - m. Is g a prime number?
False
Let r(u) = -99*u + 6. Is r(-3) a prime number?
False
Suppose r - d = 1901, -3*r = 2*d + 3*d - 5703. Is r prime?
True
Let n = -8 - -12. Suppose -x + l = -5, 0 = 3*x + 2*x - n*l - 27. Let s = x - -15. Is s a composite number?
True
Let y(g) = -53*g**2 + g - 2. Let s(a) = 26*a**2 + 1. Let d(x) = 5*s(x) + 2*y(x). Is d(3) a composite number?
False
Let v be (752/40)/(1/25). Suppose -v = 2*y - 4*y. Is y prime?
False
Suppose 9*f - 7352 = 5113. Is f a composite number?
True
Suppose -2*z = 2*j + 2*z - 1738, -j - 5*z = -869. Is j composite?
True
Suppose -1118 = -2*s + 3*z + 1199, 3443 = 3*s + 2*z. Is s composite?
False
Let y(d) = -d**2 + 3*d - 5. Let l(k) = -2*k**2 + 2*k - 6. Let c(z) = -4*l(z) + 5*y(z). Is c(-6) composite?
True
Let q = -2 - 1. Let h be 1/((q/(-4))/3). Suppose -h*j - m = -0*m - 266, -4*j - 5*m = -258. Is j prime?
True
Is (74/4)/((-9)/(-18)) a composite number?
False
Suppose -3*p - 15 = 0, 0 = 5*u - 2*p - 10 - 0. Let j be 3 - (3 + -2 + u). Is -1 + 3 + (j - -11) prime?
False
Let b = 9 - 3. Let f = 16 - b. Suppose 2*k - 3*g - 64 - f = 0, -5*g = 20. Is k composite?
False
Let g = 303 - 145. Suppose 0 = 4*p + 17 + 403. Let x = g + p. Is x composite?
False
Let d(m) = -18*m + 19. Is d(-8) a prime number?
True
Suppose 2*x - 53 - 33 = 0. Is x a prime number?
True
Let y = -217 + 362. Is y prime?
False
Let f(g) = -1199*g + 8. Is f(-1) a composite number?
True
Suppose h - 16 = -h. Suppose j + d = -3, -4*j - h*d - 16 = -3*d. Is (j/2)/((-4)/(-1192)) a prime number?
True
Let q(o) = -o**3 - 5*o**2 + 4*o + 14. Let k be q(-6). Is 2526/k - 6/39 a composite number?
False
Let b = 3 + 34. Is b composite?
False
Suppose 7 = 3*f - 5*t, -2*f + 9 = -2*t + 3. Let g(o) = 2*o**2 - 2*o - 2. Is g(f) a composite number?
True
Suppose -4*h = -0*v + 3*v + 4, -3 = 3*v + 3*h. Suppose 4*x = -b + 2*b - 23, -b + 5*x + 24 = v. Let p = b - -2. Is p prime?
False
Suppose -2*t - 613 = -3*t. Let l = t + -194. Is l a prime number?
True
Suppose 93 = -2*h + h. Is 1*h/(1*-3) composite?
False
Suppose 0 = -3*g - m + 7553, m + 5583 + 4483 = 4*g. Is g prime?
False
Is 1/((-2)/(-786)) - -4 composite?
False
Let g(c) = -1 + 116*c - 37*c + 107*c. Is g(1) a prime number?
False
Let u = -29 + -45. Let j = u - -141. Is j a prime number?
True
Let p(m) = -m**3 - 4*m**2 + 3*m + 4. Let u be p(-6). Suppose g = -g + u. Suppose 0 = -2*n + 9 + g. Is n prime?
True
Let o(f) = f - 16. Let g = -2 + 13. Let q be o(g). Let p = 26 - q. Is p composite?
False
Let y = -103 - -230. Is y composite?
False
Let t be -4 + 2 - (-2 - 1). Let f(k) = 14*k. Is f(t) a prime number?
False
Suppose 4*x + x = -4*b + 21313, -4*b + 4*x = -21304. Is b composite?
True
Suppose 0*k + 20 = 2*k - 2*w, 4*w = -12. Suppose -4*d + k + 1 = 0. Suppose d*n - 4 = 0, 2*n + 37 = 3*r - 1. Is r prime?
False
Let d = 0 - -77. Is d composite?
True
Let r = -122 + 321. Is r prime?
True
Suppose 0 = -0*l + 4*l. Let s be (1 + l)/(4/8). Let b(h) = 2*h**3 + 2*h**2 - 2*h - 1. Is b(s) composite?
False
Suppose 0*i = 4*c - 3*i + 35, 3*i - 30 = 3*c. Let a = 5 + c. Let r(h) = -h**3 - h + 15. Is r(a) a prime number?
False
Let s(k) = 85*k**2 - 2*k + 1. Is s(2) a composite number?
False
Let u be 0 - ((-2)/(-2) + -1047). Suppose -2*d = 3*d - 3*l - u, -217 = -d - 2*l. Is d composite?
False
Let c = -722 + 1045. Is c a composite number?
True
Let g = -10 - -4. Is ((-2)/3)/(g/198) prime?
False
Suppose 0 = -0*u - u + 249. Is u a composite number?
True
Let z(x) = -x + 91. Let h(m) = 2*m - 92. Let l(k) = 2*h(k) + 3*z(k). Is l(0) a composite number?
False
Let q(b) = -2*b - 4. Let r be q(-4). Suppose 2*h - 24 = -2*w, 22 = h - 0*w - r*w. Is h a prime number?
False
Suppose 0 = j + j - 1262. Is j a composite number?
False
Let c = -2 - -4. Suppose -4*l - 5*m = -21, -c + 3 = m. Suppose l*w + 2*g = 369 - 57, -5*g + 69 = w. Is w prime?
True
Suppose n = -2*a + 50, 0*n + 2*a = 2*n - 94. Let y = n + 95. Is y a composite number?
True
Suppose 17*k - 13*k - 4348 = 0. Is k prime?
True
Suppose -111 - 739 = -2*x. Let m = -30 - -32. Suppose -m*r + x = 3*r. Is r a prime number?
False
Let b = -21 - -26. Suppose -k + 5*k = 20, 930 = b*t - 5*k. Is t a composite number?
False
Suppose 4*j + 3*y = 2*y + 144, 0 = 2*y + 8. Is j a prime number?
True
Suppose -8*f - 395 = -13*f. Is f prime?
True
Let s = -66 + 0. Let h = 127 + -246. Let v = s - h. Is v prime?
True
Let j be 1/((-15)/6)*-5. Let f = j - 2. Suppose -4*m + 30 - 2 = f. Is m a prime number?
True
Let m(c) = c**2 + 15*c - 33. Is m(13) a prime number?
True
Let t(i) = i + 3. Suppose 2*d - 3*z - 9 = 0, -2*d = -z + 3*z + 6. Let q be t(d). Suppose -2*x = -q - 17. Is x composite?
True
Let n(b) = -19*b + 19. Let s be n(-8). Let g = s + -60. Is g a prime number?
False
Let y = -893 + 1388. Suppose y = 3*c - 1176. Is c prime?
True
Suppose 79 - 1 = c. Let y = -41 + c. Is y prime?
True
Suppose 5*u - 3 = -2*j + 4, -3*u + 21 = 4*j. Suppose j*t - 895 = t. Is t a prime number?
True
Let z = 5 - 10. Let l = 2 + z. Let v = l + 6. Is v composite?
False
Let f = 4 - 8. Let o(p) = -2*p - 2. Let y be o(2). Let b = f - y. Is b composite?
False
Suppose -99 = -2*s + 1865. Is s a composite number?
True
Let y(p) be the first derivative of -p**3/3 + 9*p**2/2 + 5*p + 1. Let h be y(9). Suppose 59 - 169 = -h*n. Is n a composite number?
True
Let v(f) = 33*f - 10. Is v(3) a composite number?
False
Let q be 0/(-1) - (-1 - 1). Let x(l) = 3*l**2 + 2*l - 5. Let y(v) = -10*v**2 - 5*v + 15. Let h(d) = q*y(d) + 7*x(d). Is h(-6) composite?
False
Let t(b) = b**3 - 9*b**2 - 10*b + 8. Let c be t(10). Suppose -5*i + 2 = -c. Is 1 + 6 + 1 + i prime?
False
Is (((-7252)/8)/7)/(1/(-2)) a composite number?
True
Suppose -5*s + i - 3*i = -142, 4*s - 124 = i. Let q be ((-8)/10)/((-6)/s). Suppose -5*f = -3*g + 836, 0 = -3*g - q*f - f + 886. Is g a composite number?
True
Suppose 0 = -r + 5*r - 2228. Is r prime?
True
Suppose -3*h + 159 = -3*c, 3*c = -12 - 0. Is h composite?
True
Let y be (-1 - -2) + -1 + 83. Suppose -5*d + y = 3*n - 87, 4*n = -3*d + 102. Suppose 4*x - 2 - d = 0. Is x prime?
False
Let w(o) = 61*o**3 - 2*o**2 - 2*o + 3. Let b(u) = u**3 - 10*u**2 + u - 8. Let y be b(10). Is w(y) a composite number?
False
Let p(t) = 48*t - 13. Is p(10) prime?
True
Let o(k) = -3*k**3 + 26*k**2 + 9*k + 23. Let d(a) = 2*a**3 - 17*a**2 - 6*a - 15. Let w(g) = 8*d(g) + 5*o(g). Is w(7) a composite number?
False
Let d = -3 + 7. Suppose -2*z = 3*k - z + 8, -k = -d*z - 6. Is (k/2)/((-5)/110) a prime number?
False
Suppose -4*o - 3 = -o. Is -2 + 2 - (-7 - o) composite?
True
Let g(j) = j**2 - 9*j + 2. Let w be g(9). Let r = 0 + w. Let i(x) = 4*x**2 - 2*x + 1. Is i(r) prime?
True
Let p = -1 + 7. Suppose 5*o = 2*r - 6, 0 = 2*o + p*r - r - 15. Suppose o*b = -3*b + 93. Is b composite?
False
Suppose 0 = 3*c + c + 16. Let r be c/(1/(-